.
24
Let d(i) = -12*i + 13*i + 4*i - 5*i**2 - i**3. Let k(r) = -r**2 + 7*r - 3. Let a be k(6). Suppose -2*q - a*f - 18 = 0, 4*q + 9 = 4*f - 7. Calculate d(q).
6
Let b(x) be the first derivative of x**2 - 3*x - 2. Let h(j) = 3 + 15*j**3 - 10*j**3 - 2. Let o be h(-1). Give b(o).
-11
Let m(h) be the third derivative of h**5/30 + 13*h**4/24 + 5*h**3/6 - 5*h**2 - 17*h. Calculate m(-7).
12
Let h(c) be the first derivative of -c**4/4 + 2*c**3 + 9*c**2/2 - 17*c - 19. Let s be h(7). Let t(x) = -x + 1. Give t(s).
4
Let b(m) = m - 106 - 97 - 108 + 312. Suppose -3*f + f + 36 = 5*i, -2*i + f = -9. Calculate b(i).
7
Let p(q) = -q - 4. Let o(t) = -5*t + 38. Let m be (-57)/(-15) + 5 - (-8)/(-10). Let v be o(m). Give p(v).
-2
Suppose 104 - 122 = -l. Let s(v) = -39 - 14*v + 39 + l*v. Calculate s(3).
12
Let b(c) = -4*c**2 + 9*c + c**2 - 1 - 5 + 2*c**2. What is b(8)?
2
Let q(r) = -20*r - 22. Let d be q(-6). Let g = d + -101. Let c(n) = -n**2 + n + 1. Calculate c(g).
-11
Let i(w) = -w**2 - 5*w + 60. Let k be i(-11). Let v(x) = x**3 + 6*x**2 + x - 8. Calculate v(k).
-14
Let p(v) be the third derivative of v**5/60 - v**4/24 + 480*v**2. Calculate p(4).
12
Let h = -43/6 + 431/60. Let k(l) be the third derivative of -7/24*l**4 - 7/6*l**3 - h*l**5 + 0 + 0*l - 8*l**2. Give k(-6).
-1
Let t(r) = -r**3 + 9*r**2 + 1. Let f be t(9). Let s(o) be the first derivative of -f + 6 - 7*o - 2*o**2 + 5*o. Calculate s(-2).
6
Let y = -14 + -6. Let u = -3 + y. Let a = -24 - u. Let q(x) = -x**3 - x**2 - x - 1. Determine q(a).
0
Let p(y) = -3*y + 3. Let n(g) = g + 22. Let w be n(-20). Let l(z) be the first derivative of 8*z**2 - 15*z - 2. Let r(a) = w*l(a) + 11*p(a). What is r(0)?
3
Let g(t) = t**3 - 21*t**2 + 39*t - 17. Let p be g(19). Let v(j) = j**3 - 5*j**2 + 2*j + 1. What is v(p)?
-7
Suppose 0 = 6*k - 7 - 5. Let u(q) = 3*q**3 - 11*q**2 + 13*q - 5. Let b(o) = o**3 - 5*o**2 + 6*o - 2. Let v(f) = k*u(f) - 5*b(f). What is v(-3)?
12
Let t(n) be the second derivative of 1/2*n**2 + 1/3*n**3 + 0 - 1/12*n**4 - 7*n. What is t(-2)?
-7
Let h(i) = 9*i - 9. Let f(p) = -8*p + 8. Let v(w) = -6*f(w) - 5*h(w). Let n(l) = 2*l**3 + 8*l**2 + 7*l + 6. Let g be n(-3). What is v(g)?
6
Let v be ((-5)/(-10))/(2/40). Suppose 0*m - 2*m = -v. Let q(t) = -4 + 4 + 0 + t**2 - 7*t. Give q(m).
-10
Let f(x) be the first derivative of x**4/4 - 2*x**3/3 - x**2/2 + 2*x + 246. Determine f(-2).
-12
Let j(w) = -w + 2. Let m be j(3). Let n(y) = 6 + 1 - 8 + 2*y. Calculate n(m).
-3
Let x be 54/(-81)*(-162)/12. Let z(f) = f**3 - 9*f**2 - f + 1. Determine z(x).
-8
Let f(p) = p**3 - p**3 + 3536 - p**3 - 3527 - p**2. Determine f(0).
9
Let k = -1 + 5. Let r = -1 + k. Let z(l) = 1 - 2*l + 0 - r - 2*l. What is z(-2)?
6
Let d(i) = i**3 - 3*i**2 + i. Suppose -13 - 27 = 5*z - 5*w, -24 = 3*z - 5*w. Let p = z - -10. Suppose 4 = p*t - 0*t. Calculate d(t).
-2
Let g(j) = -23*j**3 + j**2 + j. Let q(v) = -24*v**3 + 2*v**2 + v. Let f(c) = 3*g(c) - 2*q(c). Suppose 37*d - 11 = 26*d. Calculate f(d).
-21
Let m(s) be the second derivative of s**4/6 + s**3/2 + 3*s**2/2 - 23*s - 1. Give m(-5).
38
Let f = 4 + -3. Suppose -q + 22 = 11. Let h(j) = -22*j**3 - q*j**3 + 25*j**3 + j**2. Give h(f).
-7
Let t(n) be the third derivative of n**5/60 + n**4/8 - n**3/2 + 5*n**2. Let p be t(-4). Let b be (-2 - 0) + (-2)/p. Let j(x) = -x - 9. What is j(b)?
-5
Let t(b) = -5*b + 14. Suppose 0*k = 2*d - 2*k - 14, 2 = 2*d + 2*k. What is t(d)?
-6
Let y = 16 + -11. Let l(z) be the second derivative of 7/2*z**2 + 4*z - 1/3*z**3 + 0. Calculate l(y).
-3
Let g(c) = -3*c**2 + 3*c - 5. Let a(d) be the second derivative of d**4/3 - d**3/3 + 5*d**2/2 + 19*d. Let p(z) = 2*a(z) + 3*g(z). What is p(5)?
-5
Let q(a) = 10*a**2 + 4*a - 6. Let t(z) = 13*z**2 + 3*z - 8. Let n(h) = 4*q(h) - 3*t(h). What is n(-5)?
-10
Suppose 5*s = 2*a + 35, -4*a + 7*a = -5*s + 10. Let g(t) = 2*t**2 - 8*t + 7. Determine g(s).
17
Let d(q) be the first derivative of -q**3/3 - 13*q**2/2 - 20*q - 104. What is d(-11)?
2
Let n be 1 + -1*(-2 - -1). Let t = -7 + 15. Let x(k) = 1 + 4*k - k**2 + 0*k + t*k**n - 2*k. Give x(-1).
6
Let q(v) = -v**3 - 6*v**2 - 5*v - 7. Let m(g) = -g**2 + 3*g - 6. Suppose 0 = 2*o - 6*o. Let c be m(o). What is q(c)?
23
Let s(i) = i - 8. Let v(u) = u - 7. Let z(b) = -3*s(b) + 4*v(b). Calculate z(7).
3
Suppose 5*n + 306 - 1633 = -2*b, 2*n = -2*b + 526. Let o(k) = -n*k - 1 + 261*k + 6. Give o(4).
-19
Let g = 33 - 35. Let d(u) = -u**3 + 3*u**2 + u. What is d(g)?
18
Let q(c) = 144 - 89 + 4*c - 79. Let p be q(6). Let t(n) = n - 27. Calculate t(p).
-27
Let h(r) = 6*r**3 + 13*r**2 + r - 3. Let l(f) = 5*f**3 + 12*f**2 - 2. Let z(i) = -6*h(i) + 7*l(i). Suppose 2 = -3*j + 17. What is z(j)?
-1
Suppose d + 112 = 123. Let y(w) = w**2 - 13*w - 4. Give y(d).
-26
Let x(j) = 2*j - 2. Let v(s) = -5*s + 4. Let i(h) = -v(h) - 3*x(h). What is i(-4)?
6
Let i(x) = 8*x - 52. Let s be i(6). Let a(c) = -c**3 - 7*c**2 + 2*c + 2. Determine a(s).
-54
Let d(l) = -l + 1. Let f(j) = 11 + 10*j - 2 - 15*j. Let x(o) = 4*d(o) - f(o). Let h = 16 + -16. Calculate x(h).
-5
Let k = -226 + 234. Let f(j) = -j**3 + 9*j**2 - 7*j - 7. Calculate f(k).
1
Let q(g) = 2*g - 28*g**2 + 1 + 58*g**2 - 32*g**2. Calculate q(2).
-3
Suppose 2*y = -2*y - 36. Let i(s) be the first derivative of -s**3/3 - 9*s**2/2 - 2*s + 129. Calculate i(y).
-2
Let n(t) = -22*t**2 - 3 + 7*t - 3*t + 18*t**2 + 9*t**2 - t**3. Suppose 2*o + 15 = 5*o. Calculate n(o).
17
Suppose -h + 45 = 41. Suppose 3*d + 19 = -h*x, -5*d - 4*x + 2*x = 27. Let l(u) = u**3 + 6*u**2 + 7*u + 4. What is l(d)?
-6
Let q(x) be the second derivative of -x**7/840 - x**6/60 + x**5/20 + x**4/24 + 35*x**3/6 + 24*x. Let r(z) be the second derivative of q(z). Calculate r(-7).
8
Let i(q) = 5*q**2 + 4*q. Suppose -3*j + 5*d = -2*j + 10, -1 = j - 2*d. Let o(n) = 9*n**2 + 8*n. Let y(u) = j*i(u) - 3*o(u). Determine y(-3).
-6
Let h be (1 - -15)*(-11)/(-4). Suppose 4*j + 12 = m + 4*m, 3*j = -5*m - h. Let t(k) = -3 + 5*k + 11 - 4*k. Calculate t(j).
0
Let h(c) = 4*c - 2. Let m(u) = -3*u + 1. Let y(o) = -5*h(o) - 7*m(o). Calculate y(7).
10
Let h(b) = b**3 - 2*b**2 - b - 1. Let s be h(2). Let j(v) = -v**3 - 4*v**2 - v - 2. Calculate j(s).
-8
Let o(j) = j**3 - 2*j**2 - 4*j + 3. Suppose 63*n - 3 - 186 = 0. Determine o(n).
0
Let g(t) = -11*t**2 - 2*t + 1. Let k be (-2)/((-7)/(63/6)) - -17. Let u be k/15 + 1/(-3). Calculate g(u).
-12
Let u = 60 - 58. Let f = 26 - 4. Let i(x) = x**u + 0*x**2 + 21 - f. Calculate i(-2).
3
Let k(c) = -5*c + 5. Suppose -2*z + 3*z - 9 = -p, 17 = p + 5*z. Calculate k(p).
-30
Suppose -4*k + 10 = -2. Let b be 18/k*(-3)/(-9). Let h(s) = 3*s**3 - 3*s**2 + s - 2. Give h(b).
12
Let v = 165 + -1979/12. Let m(i) be the third derivative of v*i**4 - i**3 + 2*i**2 + 0*i + 0. Determine m(4).
2
Suppose -3*r + 14 = 2*f, 0 = 6*f - 8*f - 2*r + 10. Let u = 15 - 14. Let a(p) = -6*p - f + 2 + 2 - u. Give a(3).
-16
Let o(l) = -3*l**2 + 8*l**2 - 1 - 6*l**2 + 5*l**2 + l + 2*l. Calculate o(-1).
0
Suppose 0 = -5*d, 3*h + 0*d + d = -d. Let j(m) = -3*m + 8. Let i(s) = s. Let k(x) = -4*i(x) - j(x). Give k(h).
-8
Let w(z) = z**2 + 2*z + 2. Let d(c) = 2*c + 1. Let n(i) = -3*d(i) + 2*w(i). Let v be 38/18 - (-112)/(-1008). Determine n(v).
5
Let z(h) = -13*h**2 + 3*h + 12. Let k(t) = -3*t**2 + t + 3. Let v(x) = -9*k(x) + 2*z(x). Give v(4).
1
Suppose t + 2*r = -30, -62 = 2*t + 6*r - r. Let i be t/(-91) - (-44)/(-7). Let a(q) = -q**2 - 6*q + 3. Give a(i).
3
Suppose 4*n - 2*h + 142 = 158, -h - 18 = -4*n. Let z(i) = i**3 - 6*i**2 + 7*i - 10. Give z(n).
0
Let i = 25 - 23. Let d(w) = -2*w - i*w + 8*w. Determine d(1).
4
Let m(t) be the third derivative of t**5/60 - t**4/6 - t**3/2 + 828*t**2. Suppose 2*j - 4*j + 27 = -3*a, -2*j + 22 = -2*a. Let k be (1 - j/4)*-6. Give m(k).
-6
Let c(j) be the third derivative of j**5/60 - j**4/6 + 3*j**3/2 - 13*j**2 - j. Give c(4).
9
Let l = -1485 - -1492. Let j(n) = n**2 - 14*n - 3. Determine j(l).
-52
Let z(s) = s - 9. Let n(v) = v**2 - 11*v - 205. Let b be n(-10). Calculate z(b).
-4
Let a(h) = h**3 + 11*h**2 - 11*h + 9. Let t(i) = i**3 - 17*i**2 - 38*i - 12. Let w be t(19). What is a(w)?
-3
Suppose 120 = -13*h + 18*h. Suppose -13*k + h*k - 13*k = 0. Let d(p) = p**3 - p**2 - p + 3. Give d(k).
3
Suppose -2*r + 4 = -y, -6*y = -3*r - y - 8. Suppose 0 = -6*l - r - 2. Let w(i) = 5*i - 1. What is w